{"id":12764,"date":"2022-10-12T10:15:53","date_gmt":"2022-10-12T08:15:53","guid":{"rendered":"https:\/\/www.freecorpus.fr\/pilates-gym-posturale\/cours-particuliers\/"},"modified":"2023-02-16T16:05:51","modified_gmt":"2023-02-16T15:05:51","slug":"cours-particuliers","status":"publish","type":"page","link":"https:\/\/www.freecorpus.fr\/pilates-gym-posturale\/cours-particuliers\/","title":{"rendered":"Cours particuliers"},"content":{"rendered":"\t\t<div data-elementor-type=\"wp-page\" data-elementor-id=\"12764\" class=\"elementor elementor-12764\" data-elementor-post-type=\"page\">\n\t\t\t\t\t\t<section class=\"elementor-section elementor-top-section elementor-element elementor-element-43ecdb6f animated-slow elementor-section-boxed elementor-section-height-default elementor-section-height-default elementor-invisible\" data-id=\"43ecdb6f\" data-element_type=\"section\" data-e-type=\"section\" data-settings=\"{&quot;animation&quot;:&quot;fadeInLeft&quot;}\">\n\t\t\t\t\t\t<div class=\"elementor-container elementor-column-gap-default\">\n\t\t\t\t\t<div class=\"elementor-column elementor-col-100 elementor-top-column elementor-element elementor-element-47ffbe29\" data-id=\"47ffbe29\" data-element_type=\"column\" data-e-type=\"column\">\n\t\t\t<div class=\"elementor-widget-wrap elementor-element-populated\">\n\t\t\t\t\t\t<div class=\"elementor-element elementor-element-59391afa elementor-widget elementor-widget-spacer\" data-id=\"59391afa\" data-element_type=\"widget\" data-e-type=\"widget\" data-widget_type=\"spacer.default\">\n\t\t\t\t<div class=\"elementor-widget-container\">\n\t\t\t\t\t\t\t<div class=\"elementor-spacer\">\n\t\t\t<div class=\"elementor-spacer-inner\"><\/div>\n\t\t<\/div>\n\t\t\t\t\t\t<\/div>\n\t\t\t\t<\/div>\n\t\t\t\t<div class=\"elementor-element elementor-element-91014de elementor-widget elementor-widget-heading\" data-id=\"91014de\" data-element_type=\"widget\" data-e-type=\"widget\" data-widget_type=\"heading.default\">\n\t\t\t\t<div class=\"elementor-widget-container\">\n\t\t\t\t\t<h1 class=\"elementor-heading-title elementor-size-default\">S\u00e9ances individuelles, cours particuliers<\/h1>\t\t\t\t<\/div>\n\t\t\t\t<\/div>\n\t\t\t\t<div class=\"elementor-element elementor-element-255652de elementor-widget-divider--view-line elementor-widget elementor-widget-divider\" data-id=\"255652de\" data-element_type=\"widget\" data-e-type=\"widget\" data-widget_type=\"divider.default\">\n\t\t\t\t<div class=\"elementor-widget-container\">\n\t\t\t\t\t\t\t<div class=\"elementor-divider\">\n\t\t\t<span class=\"elementor-divider-separator\">\n\t\t\t\t\t\t<\/span>\n\t\t<\/div>\n\t\t\t\t\t\t<\/div>\n\t\t\t\t<\/div>\n\t\t\t\t\t<\/div>\n\t\t<\/div>\n\t\t\t\t\t<\/div>\n\t\t<\/section>\n\t\t\t\t<section class=\"elementor-section elementor-top-section elementor-element elementor-element-48546e25 animated-slow elementor-section-boxed elementor-section-height-default elementor-section-height-default elementor-invisible\" data-id=\"48546e25\" data-element_type=\"section\" data-e-type=\"section\" data-settings=\"{&quot;animation&quot;:&quot;fadeInLeft&quot;}\">\n\t\t\t\t\t\t<div class=\"elementor-container elementor-column-gap-default\">\n\t\t\t\t\t<div class=\"elementor-column elementor-col-50 elementor-top-column elementor-element elementor-element-56bda576\" data-id=\"56bda576\" data-element_type=\"column\" data-e-type=\"column\">\n\t\t\t<div class=\"elementor-widget-wrap elementor-element-populated\">\n\t\t\t\t\t\t<div class=\"elementor-element elementor-element-5b2f3b32 elementor-widget elementor-widget-heading\" data-id=\"5b2f3b32\" data-element_type=\"widget\" data-e-type=\"widget\" data-widget_type=\"heading.default\">\n\t\t\t\t<div class=\"elementor-widget-container\">\n\t\t\t\t\t<h2 class=\"elementor-heading-title elementor-size-default\">Aisance corporelle, posture, calme, s\u00e9r\u00e9nit\u00e9<\/h2>\t\t\t\t<\/div>\n\t\t\t\t<\/div>\n\t\t\t\t<div class=\"elementor-element elementor-element-1c760cb0 elementor-widget elementor-widget-heading\" data-id=\"1c760cb0\" data-element_type=\"widget\" data-e-type=\"widget\" data-widget_type=\"heading.default\">\n\t\t\t\t<div class=\"elementor-widget-container\">\n\t\t\t\t\t<h4 class=\"elementor-heading-title elementor-size-default\">Le principe du cours particulier est de r\u00e9pondre \u00e0 un besoin sp\u00e9cifique enti\u00e8rement cibl\u00e9 sur votre profil.<\/h4>\t\t\t\t<\/div>\n\t\t\t\t<\/div>\n\t\t\t\t<div class=\"elementor-element elementor-element-116cde4d elementor-widget elementor-widget-text-editor\" data-id=\"116cde4d\" data-element_type=\"widget\" data-e-type=\"widget\" data-widget_type=\"text-editor.default\">\n\t\t\t\t<div class=\"elementor-widget-container\">\n\t\t\t\t\t\t\t\t\t<p><strong>Quelques exemples :<\/strong><\/p><p><span class=\"lambda-highlight3\">Sportif\u00a0<\/span>: travail de pr\u00e9paration physique en pleine conscience de son corps. Exercices permettant une atteinte optimale de ses possibilit\u00e9s avec une r\u00e9cup\u00e9ration rapide. Vos articulations sont soulag\u00e9es, votre corps d\u00e9tendu et r\u00e9actif avec pr\u00e9cision.<\/p><p>\u00a0<\/p><p><span class=\"lambda-highlight3\">Personne souhaitant un maintien corporel\u00a0<\/span>: entra\u00eenement consistant \u00e0 entretenir votre corps par la respiration contr\u00f4l\u00e9e, la pleine conscience, le travail des muscles profonds jusqu\u2019 aux muscles superficiels, et la souplesse. R\u00e9sultat : votre syst\u00e8me nerveux est am\u00e9lior\u00e9, votre corps ressent un bien-\u00eatre ; il s\u2019allonge, se structure, se galbe, votre \u00e9quilibre s\u2019en trouve am\u00e9lior\u00e9.<\/p><p>\u00a0<\/p><p><span class=\"lambda-highlight3\">Femme enceinte\u00a0<\/span>(\u00e0 partir du troisi\u00e8me mois de grossesse) : vous apprendrez \u00e0 avoir une respiration pleinement consciente en symbiose avec votre b\u00e9b\u00e9. Votre entra\u00eenement consistera \u00e0 am\u00e9liorer la circulation de vos jambes, \u00e0 soulager et \u00e0 muscler votre dos, \u00e0 entretenir, renforcer en douceur vos jambes et vos bras, \u00e0 soulager les muscles du bassin tr\u00e8s sollicit\u00e9s pendant votre grossesse, mais aussi, pendant l\u2019accouchement et les mois post-natals. Cet entra\u00eenement vous aidera lorsque vous prendrez des cours de pr\u00e9paration \u00e0 l\u2019accouchement.<\/p><p>\u00a0<\/p><p><span class=\"lambda-highlight3\">Personnes en situation de handicap\u00a0<\/span>: votre entrainement am\u00e9liorera votre syst\u00e8me nerveux, votre mobilit\u00e9 et vos muscles: vous gagnerez en confort corporel et en bien-\u00eatre.<\/p><p>\u00a0<\/p><p><span class=\"lambda-highlight3\">Personnes alit\u00e9es\u00a0<\/span>: vous travaillerez en position allong\u00e9e, en fonction de votre \u00e9tat (immobile, peu mobile ou mobile), votre entrainement passera par la visualisation et la prise de conscience de chaque partie de votre corps(m\u00eame les parties \u201cendormies\u201d),avec l\u2019aide d\u2019accessoires ludiques, \u00e9lastiques, et confortables. Il en r\u00e9sulte une sensation de mieux-\u00eatre, et les progr\u00e8s corporels d\u00e9pendent de votre \u00e9tat de base. Dans tous les cas vous vous sentirez mieux.<\/p><p>\u00a0<\/p><p><span class=\"lambda-highlight3\">Seniors\u00a0<\/span>: que vous ayez pratiqu\u00e9 des activit\u00e9s physiques avant ou jamais, vous comprendrez les exercices et serez capables de les r\u00e9aliser. Votre entrainement am\u00e9liorera votre syst\u00e8me nerveux, votre capacit\u00e9 respiratoire, votre souplesse, votre \u00e9quilibre et votre posture, ainsi que votre densit\u00e9 musculaire.<\/p><p>\u00a0<\/p><p><span class=\"lambda-highlight3\">Personnes en bonne sant\u00e9 avec une contrainte particuli\u00e8re\u00a0<\/span>suivie par un kin\u00e9sith\u00e9rapeute (exemples: capsulite aig\u00fce de l\u2019\u00e9paule, lombalgie, bras dans le pl\u00e2tre, un orteil op\u00e9r\u00e9, autre\u2026): votre entrainement sera possible, dans la mesure o\u00f9 la zone sensible sera prise en compte et contourn\u00e9e ou am\u00e9lior\u00e9e suivant le cas. Dans tous les cas votre corps a besoin de bouger pour se sentir bien.<\/p>\t\t\t\t\t\t\t\t<\/div>\n\t\t\t\t<\/div>\n\t\t\t\t\t<\/div>\n\t\t<\/div>\n\t\t\t\t<div class=\"elementor-column elementor-col-50 elementor-top-column elementor-element elementor-element-48f3ef8b\" data-id=\"48f3ef8b\" data-element_type=\"column\" data-e-type=\"column\">\n\t\t\t<div class=\"elementor-widget-wrap elementor-element-populated\">\n\t\t\t\t\t\t<div class=\"elementor-element elementor-element-b1994c6 elementor-widget elementor-widget-image\" data-id=\"b1994c6\" data-element_type=\"widget\" data-e-type=\"widget\" data-widget_type=\"image.default\">\n\t\t\t\t<div class=\"elementor-widget-container\">\n\t\t\t\t\t\t\t\t\t\t\t\t\t\t\t<img fetchpriority=\"high\" decoding=\"async\" width=\"613\" height=\"1024\" src=\"https:\/\/www.freecorpus.fr\/pilates-gym-posturale\/wp-content\/uploads\/2021\/04\/cours-particuliers2-20210324_144803-613x1024.jpg\" class=\"attachment-large size-large wp-image-12165\" alt=\"\" srcset=\"https:\/\/www.freecorpus.fr\/pilates-gym-posturale\/wp-content\/uploads\/2021\/04\/cours-particuliers2-20210324_144803-613x1024.jpg 613w, https:\/\/www.freecorpus.fr\/pilates-gym-posturale\/wp-content\/uploads\/2021\/04\/cours-particuliers2-20210324_144803-180x300.jpg 180w, https:\/\/www.freecorpus.fr\/pilates-gym-posturale\/wp-content\/uploads\/2021\/04\/cours-particuliers2-20210324_144803-768x1284.jpg 768w, https:\/\/www.freecorpus.fr\/pilates-gym-posturale\/wp-content\/uploads\/2021\/04\/cours-particuliers2-20210324_144803-940x1571.jpg 940w, https:\/\/www.freecorpus.fr\/pilates-gym-posturale\/wp-content\/uploads\/2021\/04\/cours-particuliers2-20210324_144803.jpg 1080w\" sizes=\"(max-width: 613px) 100vw, 613px\" \/>\t\t\t\t\t\t\t\t\t\t\t\t\t\t\t<\/div>\n\t\t\t\t<\/div>\n\t\t\t\t\t<\/div>\n\t\t<\/div>\n\t\t\t\t\t<\/div>\n\t\t<\/section>\n\t\t\t\t<section class=\"elementor-section elementor-top-section elementor-element elementor-element-3596e34c animated-slow elementor-section-boxed elementor-section-height-default elementor-section-height-default elementor-invisible\" data-id=\"3596e34c\" data-element_type=\"section\" data-e-type=\"section\" data-settings=\"{&quot;background_background&quot;:&quot;classic&quot;,&quot;animation&quot;:&quot;fadeInUp&quot;}\">\n\t\t\t\t\t\t<div class=\"elementor-container elementor-column-gap-default\">\n\t\t\t\t\t<div class=\"elementor-column elementor-col-100 elementor-top-column elementor-element elementor-element-7d7f20d5\" data-id=\"7d7f20d5\" data-element_type=\"column\" data-e-type=\"column\">\n\t\t\t<div class=\"elementor-widget-wrap elementor-element-populated\">\n\t\t\t\t\t\t<div class=\"elementor-element elementor-element-f0b2cba elementor-widget elementor-widget-spacer\" data-id=\"f0b2cba\" data-element_type=\"widget\" data-e-type=\"widget\" data-widget_type=\"spacer.default\">\n\t\t\t\t<div class=\"elementor-widget-container\">\n\t\t\t\t\t\t\t<div class=\"elementor-spacer\">\n\t\t\t<div class=\"elementor-spacer-inner\"><\/div>\n\t\t<\/div>\n\t\t\t\t\t\t<\/div>\n\t\t\t\t<\/div>\n\t\t\t\t<div class=\"elementor-element elementor-element-46af007f elementor-widget elementor-widget-heading\" data-id=\"46af007f\" data-element_type=\"widget\" data-e-type=\"widget\" data-widget_type=\"heading.default\">\n\t\t\t\t<div class=\"elementor-widget-container\">\n\t\t\t\t\t<h2 class=\"elementor-heading-title elementor-size-default\">Tarifs s\u00e9ances individuelles et cours particuliers<\/h2>\t\t\t\t<\/div>\n\t\t\t\t<\/div>\n\t\t\t\t<div class=\"elementor-element elementor-element-150d89a2 elementor-widget-divider--view-line elementor-widget elementor-widget-divider\" data-id=\"150d89a2\" data-element_type=\"widget\" data-e-type=\"widget\" data-widget_type=\"divider.default\">\n\t\t\t\t<div class=\"elementor-widget-container\">\n\t\t\t\t\t\t\t<div class=\"elementor-divider\">\n\t\t\t<span class=\"elementor-divider-separator\">\n\t\t\t\t\t\t<\/span>\n\t\t<\/div>\n\t\t\t\t\t\t<\/div>\n\t\t\t\t<\/div>\n\t\t\t\t<div class=\"elementor-element elementor-element-28c56d4e elementor-widget__width-initial elementor-widget elementor-widget-price-table\" data-id=\"28c56d4e\" data-element_type=\"widget\" data-e-type=\"widget\" data-widget_type=\"price-table.default\">\n\t\t\t\t<div class=\"elementor-widget-container\">\n\t\t\t\t\t\n\t\t<div class=\"elementor-price-table\">\n\t\t\t\t\t\t\t<div class=\"elementor-price-table__header\">\n\t\t\t\t\t\t\t\t\t\t\t<h3 class=\"elementor-price-table__heading\">\n\t\t\t\t\t\tCours Particulier\t\t\t\t\t\t<\/h3>\n\t\t\t\t\t\n\t\t\t\t\t\t\t\t\t<\/div>\n\t\t\t\n\t\t\t<div class=\"elementor-price-table__price\">\n\t\t\t\t\t\t\t\t\t\t\t\t\t\t\t\t\t<span class=\"elementor-price-table__integer-part\">\n\t\t\t\t\t\t1 heure\t\t\t\t\t<\/span>\n\t\t\t\t\n\t\t\t\t\n\t\t\t\t\n\t\t\t\t\t\t\t<\/div>\n\n\t\t\t\t\t\t\t<ul class=\"elementor-price-table__features-list\">\n\t\t\t\t\t\t\t\t\t\t\t<li class=\"elementor-repeater-item-a6796af\">\n\t\t\t\t\t\t\t<div class=\"elementor-price-table__feature-inner\">\n\t\t\t\t\t\t\t\t<i aria-hidden=\"true\" class=\"far fa-hand-point-right\"><\/i>\t\t\t\t\t\t\t\t\t\t\t\t\t\t\t\t\t<span >\n\t\t\t\t\t\t\t\t\t\t\u00c9quivalent \u00e0 44 unit\u00e9s (voir tarifs \u00e0 la carte)\t\t\t\t\t\t\t\t\t<\/span>\n\t\t\t\t\t\t\t\t\t\t\t\t\t\t\t\t<\/div>\n\t\t\t\t\t\t<\/li>\n\t\t\t\t\t\t\t\t\t<\/ul>\n\t\t\t\n\t\t\t\t\t\t\t<div class=\"elementor-price-table__footer\">\n\t\t\t\t\t\t\t\t\t\t\t<a class=\"elementor-price-table__button elementor-button elementor-size-md\" href=\"https:\/\/member-app.deciplus.pro\/free-corpus\/signIn?to=landing\">\n\t\t\t\t\t\t\tPrendre RDV\t\t\t\t\t\t<\/a>\n\t\t\t\t\t\n\t\t\t\t\t\t\t\t\t\t\t<div class=\"elementor-price-table__additional_info\">\n\t\t\t\t\t\t\tTarif selon la grille de \"\u00e0 la carte\"\t\t\t\t\t\t<\/div>\n\t\t\t\t\t\t\t\t\t<\/div>\n\t\t\t\t\t<\/div>\n\n\t\t\t\t\t\t<\/div>\n\t\t\t\t<\/div>\n\t\t\t\t\t<\/div>\n\t\t<\/div>\n\t\t\t\t\t<\/div>\n\t\t<\/section>\n\t\t\t\t<\/div>\n\t\t","protected":false},"excerpt":{"rendered":"<p>S\u00e9ances individuelles, cours particuliers Aisance corporelle, posture, calme, s\u00e9r\u00e9nit\u00e9 Le principe du cours particulier est de r\u00e9pondre \u00e0 un besoin sp\u00e9cifique enti\u00e8rement cibl\u00e9 sur votre profil. Quelques exemples : Sportif\u00a0: travail de pr\u00e9paration physique en pleine conscience de son corps. Exercices permettant une atteinte optimale de ses possibilit\u00e9s avec une r\u00e9cup\u00e9ration rapide. Vos articulations sont [&hellip;]<\/p>\n","protected":false},"author":15,"featured_media":0,"parent":0,"menu_order":0,"comment_status":"closed","ping_status":"closed","template":"","meta":{"_acf_changed":false,"footnotes":""},"class_list":["post-12764","page","type-page","status-publish","hentry"],"acf":[],"yoast_head":"<!-- This site is optimized with the Yoast SEO plugin v27.2 - https:\/\/yoast.com\/product\/yoast-seo-wordpress\/ -->\n<title>Cours particuliers - Pilates et Yoga \u00e0 Vincennes<\/title>\n<meta name=\"robots\" content=\"index, follow, max-snippet:-1, max-image-preview:large, max-video-preview:-1\" \/>\n<link rel=\"canonical\" href=\"https:\/\/www.freecorpus.fr\/pilates-gym-posturale\/cours-particuliers\/\" \/>\n<meta property=\"og:locale\" content=\"fr_FR\" \/>\n<meta property=\"og:type\" content=\"article\" \/>\n<meta property=\"og:title\" content=\"Cours particuliers - Pilates et Yoga \u00e0 Vincennes\" \/>\n<meta property=\"og:description\" content=\"S\u00e9ances individuelles, cours particuliers Aisance corporelle, posture, calme, s\u00e9r\u00e9nit\u00e9 Le principe du cours particulier est de r\u00e9pondre \u00e0 un besoin sp\u00e9cifique enti\u00e8rement cibl\u00e9 sur votre profil. Quelques exemples : Sportif\u00a0: travail de pr\u00e9paration physique en pleine conscience de son corps. Exercices permettant une atteinte optimale de ses possibilit\u00e9s avec une r\u00e9cup\u00e9ration rapide. Vos articulations sont [&hellip;]\" \/>\n<meta property=\"og:url\" content=\"https:\/\/www.freecorpus.fr\/pilates-gym-posturale\/cours-particuliers\/\" \/>\n<meta property=\"og:site_name\" content=\"Pilates et Yoga \u00e0 Vincennes\" \/>\n<meta property=\"article:modified_time\" content=\"2023-02-16T15:05:51+00:00\" \/>\n<meta property=\"og:image\" content=\"https:\/\/www.freecorpus.fr\/pilates-gym-posturale\/wp-content\/uploads\/2021\/04\/cours-particuliers2-20210324_144803-613x1024.jpg\" \/>\n<meta name=\"twitter:card\" content=\"summary_large_image\" \/>\n<meta name=\"twitter:label1\" content=\"Dur\u00e9e de lecture estim\u00e9e\" \/>\n\t<meta name=\"twitter:data1\" content=\"3 minutes\" \/>\n<script type=\"application\/ld+json\" class=\"yoast-schema-graph\">{\"@context\":\"https:\/\/schema.org\",\"@graph\":[{\"@type\":\"WebPage\",\"@id\":\"https:\/\/www.freecorpus.fr\/pilates-gym-posturale\/cours-particuliers\/\",\"url\":\"https:\/\/www.freecorpus.fr\/pilates-gym-posturale\/cours-particuliers\/\",\"name\":\"Cours particuliers - Pilates et Yoga \u00e0 Vincennes\",\"isPartOf\":{\"@id\":\"https:\/\/www.freecorpus.fr\/pilates-gym-posturale\/#website\"},\"primaryImageOfPage\":{\"@id\":\"https:\/\/www.freecorpus.fr\/pilates-gym-posturale\/cours-particuliers\/#primaryimage\"},\"image\":{\"@id\":\"https:\/\/www.freecorpus.fr\/pilates-gym-posturale\/cours-particuliers\/#primaryimage\"},\"thumbnailUrl\":\"https:\/\/www.freecorpus.fr\/pilates-gym-posturale\/wp-content\/uploads\/2021\/04\/cours-particuliers2-20210324_144803-613x1024.jpg\",\"datePublished\":\"2022-10-12T08:15:53+00:00\",\"dateModified\":\"2023-02-16T15:05:51+00:00\",\"breadcrumb\":{\"@id\":\"https:\/\/www.freecorpus.fr\/pilates-gym-posturale\/cours-particuliers\/#breadcrumb\"},\"inLanguage\":\"fr-FR\",\"potentialAction\":[{\"@type\":\"ReadAction\",\"target\":[\"https:\/\/www.freecorpus.fr\/pilates-gym-posturale\/cours-particuliers\/\"]}]},{\"@type\":\"ImageObject\",\"inLanguage\":\"fr-FR\",\"@id\":\"https:\/\/www.freecorpus.fr\/pilates-gym-posturale\/cours-particuliers\/#primaryimage\",\"url\":\"https:\/\/www.freecorpus.fr\/pilates-gym-posturale\/wp-content\/uploads\/2021\/04\/cours-particuliers2-20210324_144803.jpg\",\"contentUrl\":\"https:\/\/www.freecorpus.fr\/pilates-gym-posturale\/wp-content\/uploads\/2021\/04\/cours-particuliers2-20210324_144803.jpg\",\"width\":1080,\"height\":1805},{\"@type\":\"BreadcrumbList\",\"@id\":\"https:\/\/www.freecorpus.fr\/pilates-gym-posturale\/cours-particuliers\/#breadcrumb\",\"itemListElement\":[{\"@type\":\"ListItem\",\"position\":1,\"name\":\"Accueil\",\"item\":\"https:\/\/www.freecorpus.fr\/pilates-gym-posturale\/\"},{\"@type\":\"ListItem\",\"position\":2,\"name\":\"Cours particuliers\"}]},{\"@type\":\"WebSite\",\"@id\":\"https:\/\/www.freecorpus.fr\/pilates-gym-posturale\/#website\",\"url\":\"https:\/\/www.freecorpus.fr\/pilates-gym-posturale\/\",\"name\":\"Pilates et Yoga \u00e0 Vincennes\",\"description\":\"FreeCorpus Sur la voie du corps - Albane Dantras\",\"publisher\":{\"@id\":\"https:\/\/www.freecorpus.fr\/pilates-gym-posturale\/#organization\"},\"potentialAction\":[{\"@type\":\"SearchAction\",\"target\":{\"@type\":\"EntryPoint\",\"urlTemplate\":\"https:\/\/www.freecorpus.fr\/pilates-gym-posturale\/?s={search_term_string}\"},\"query-input\":{\"@type\":\"PropertyValueSpecification\",\"valueRequired\":true,\"valueName\":\"search_term_string\"}}],\"inLanguage\":\"fr-FR\"},{\"@type\":\"Organization\",\"@id\":\"https:\/\/www.freecorpus.fr\/pilates-gym-posturale\/#organization\",\"name\":\"Pilates et Yoga \u00e0 Vincennes\",\"url\":\"https:\/\/www.freecorpus.fr\/pilates-gym-posturale\/\",\"logo\":{\"@type\":\"ImageObject\",\"inLanguage\":\"fr-FR\",\"@id\":\"https:\/\/www.freecorpus.fr\/pilates-gym-posturale\/#\/schema\/logo\/image\/\",\"url\":\"https:\/\/www.freecorpus.fr\/pilates-gym-posturale\/wp-content\/uploads\/2022\/10\/LOGO_FREECORPUS-2022_06-1-removebg-preview.png\",\"contentUrl\":\"https:\/\/www.freecorpus.fr\/pilates-gym-posturale\/wp-content\/uploads\/2022\/10\/LOGO_FREECORPUS-2022_06-1-removebg-preview.png\",\"width\":249,\"height\":80,\"caption\":\"Pilates et Yoga \u00e0 Vincennes\"},\"image\":{\"@id\":\"https:\/\/www.freecorpus.fr\/pilates-gym-posturale\/#\/schema\/logo\/image\/\"}}]}<\/script>\n<!-- \/ Yoast SEO plugin. -->","yoast_head_json":{"title":"Cours particuliers - Pilates et Yoga \u00e0 Vincennes","robots":{"index":"index","follow":"follow","max-snippet":"max-snippet:-1","max-image-preview":"max-image-preview:large","max-video-preview":"max-video-preview:-1"},"canonical":"https:\/\/www.freecorpus.fr\/pilates-gym-posturale\/cours-particuliers\/","og_locale":"fr_FR","og_type":"article","og_title":"Cours particuliers - Pilates et Yoga \u00e0 Vincennes","og_description":"S\u00e9ances individuelles, cours particuliers Aisance corporelle, posture, calme, s\u00e9r\u00e9nit\u00e9 Le principe du cours particulier est de r\u00e9pondre \u00e0 un besoin sp\u00e9cifique enti\u00e8rement cibl\u00e9 sur votre profil. Quelques exemples : Sportif\u00a0: travail de pr\u00e9paration physique en pleine conscience de son corps. Exercices permettant une atteinte optimale de ses possibilit\u00e9s avec une r\u00e9cup\u00e9ration rapide. Vos articulations sont [&hellip;]","og_url":"https:\/\/www.freecorpus.fr\/pilates-gym-posturale\/cours-particuliers\/","og_site_name":"Pilates et Yoga \u00e0 Vincennes","article_modified_time":"2023-02-16T15:05:51+00:00","og_image":[{"url":"https:\/\/www.freecorpus.fr\/pilates-gym-posturale\/wp-content\/uploads\/2021\/04\/cours-particuliers2-20210324_144803-613x1024.jpg","type":"","width":"","height":""}],"twitter_card":"summary_large_image","twitter_misc":{"Dur\u00e9e de lecture estim\u00e9e":"3 minutes"},"schema":{"@context":"https:\/\/schema.org","@graph":[{"@type":"WebPage","@id":"https:\/\/www.freecorpus.fr\/pilates-gym-posturale\/cours-particuliers\/","url":"https:\/\/www.freecorpus.fr\/pilates-gym-posturale\/cours-particuliers\/","name":"Cours particuliers - Pilates et Yoga \u00e0 Vincennes","isPartOf":{"@id":"https:\/\/www.freecorpus.fr\/pilates-gym-posturale\/#website"},"primaryImageOfPage":{"@id":"https:\/\/www.freecorpus.fr\/pilates-gym-posturale\/cours-particuliers\/#primaryimage"},"image":{"@id":"https:\/\/www.freecorpus.fr\/pilates-gym-posturale\/cours-particuliers\/#primaryimage"},"thumbnailUrl":"https:\/\/www.freecorpus.fr\/pilates-gym-posturale\/wp-content\/uploads\/2021\/04\/cours-particuliers2-20210324_144803-613x1024.jpg","datePublished":"2022-10-12T08:15:53+00:00","dateModified":"2023-02-16T15:05:51+00:00","breadcrumb":{"@id":"https:\/\/www.freecorpus.fr\/pilates-gym-posturale\/cours-particuliers\/#breadcrumb"},"inLanguage":"fr-FR","potentialAction":[{"@type":"ReadAction","target":["https:\/\/www.freecorpus.fr\/pilates-gym-posturale\/cours-particuliers\/"]}]},{"@type":"ImageObject","inLanguage":"fr-FR","@id":"https:\/\/www.freecorpus.fr\/pilates-gym-posturale\/cours-particuliers\/#primaryimage","url":"https:\/\/www.freecorpus.fr\/pilates-gym-posturale\/wp-content\/uploads\/2021\/04\/cours-particuliers2-20210324_144803.jpg","contentUrl":"https:\/\/www.freecorpus.fr\/pilates-gym-posturale\/wp-content\/uploads\/2021\/04\/cours-particuliers2-20210324_144803.jpg","width":1080,"height":1805},{"@type":"BreadcrumbList","@id":"https:\/\/www.freecorpus.fr\/pilates-gym-posturale\/cours-particuliers\/#breadcrumb","itemListElement":[{"@type":"ListItem","position":1,"name":"Accueil","item":"https:\/\/www.freecorpus.fr\/pilates-gym-posturale\/"},{"@type":"ListItem","position":2,"name":"Cours particuliers"}]},{"@type":"WebSite","@id":"https:\/\/www.freecorpus.fr\/pilates-gym-posturale\/#website","url":"https:\/\/www.freecorpus.fr\/pilates-gym-posturale\/","name":"Pilates et Yoga \u00e0 Vincennes","description":"FreeCorpus Sur la voie du corps - Albane Dantras","publisher":{"@id":"https:\/\/www.freecorpus.fr\/pilates-gym-posturale\/#organization"},"potentialAction":[{"@type":"SearchAction","target":{"@type":"EntryPoint","urlTemplate":"https:\/\/www.freecorpus.fr\/pilates-gym-posturale\/?s={search_term_string}"},"query-input":{"@type":"PropertyValueSpecification","valueRequired":true,"valueName":"search_term_string"}}],"inLanguage":"fr-FR"},{"@type":"Organization","@id":"https:\/\/www.freecorpus.fr\/pilates-gym-posturale\/#organization","name":"Pilates et Yoga \u00e0 Vincennes","url":"https:\/\/www.freecorpus.fr\/pilates-gym-posturale\/","logo":{"@type":"ImageObject","inLanguage":"fr-FR","@id":"https:\/\/www.freecorpus.fr\/pilates-gym-posturale\/#\/schema\/logo\/image\/","url":"https:\/\/www.freecorpus.fr\/pilates-gym-posturale\/wp-content\/uploads\/2022\/10\/LOGO_FREECORPUS-2022_06-1-removebg-preview.png","contentUrl":"https:\/\/www.freecorpus.fr\/pilates-gym-posturale\/wp-content\/uploads\/2022\/10\/LOGO_FREECORPUS-2022_06-1-removebg-preview.png","width":249,"height":80,"caption":"Pilates et Yoga \u00e0 Vincennes"},"image":{"@id":"https:\/\/www.freecorpus.fr\/pilates-gym-posturale\/#\/schema\/logo\/image\/"}}]}},"_links":{"self":[{"href":"https:\/\/www.freecorpus.fr\/pilates-gym-posturale\/wp-json\/wp\/v2\/pages\/12764","targetHints":{"allow":["GET"]}}],"collection":[{"href":"https:\/\/www.freecorpus.fr\/pilates-gym-posturale\/wp-json\/wp\/v2\/pages"}],"about":[{"href":"https:\/\/www.freecorpus.fr\/pilates-gym-posturale\/wp-json\/wp\/v2\/types\/page"}],"author":[{"embeddable":true,"href":"https:\/\/www.freecorpus.fr\/pilates-gym-posturale\/wp-json\/wp\/v2\/users\/15"}],"replies":[{"embeddable":true,"href":"https:\/\/www.freecorpus.fr\/pilates-gym-posturale\/wp-json\/wp\/v2\/comments?post=12764"}],"version-history":[{"count":10,"href":"https:\/\/www.freecorpus.fr\/pilates-gym-posturale\/wp-json\/wp\/v2\/pages\/12764\/revisions"}],"predecessor-version":[{"id":13706,"href":"https:\/\/www.freecorpus.fr\/pilates-gym-posturale\/wp-json\/wp\/v2\/pages\/12764\/revisions\/13706"}],"wp:attachment":[{"href":"https:\/\/www.freecorpus.fr\/pilates-gym-posturale\/wp-json\/wp\/v2\/media?parent=12764"}],"curies":[{"name":"wp","href":"https:\/\/api.w.org\/{rel}","templated":true}]}}