{"id":12725,"date":"2022-10-12T10:15:50","date_gmt":"2022-10-12T08:15:50","guid":{"rendered":"https:\/\/www.freecorpus.fr\/pilates-gym-posturale\/adhesion-et-reservation\/"},"modified":"2025-12-18T22:04:34","modified_gmt":"2025-12-18T21:04:34","slug":"adhesion-et-reservation","status":"publish","type":"page","link":"https:\/\/www.freecorpus.fr\/pilates-gym-posturale\/adhesion-et-reservation\/","title":{"rendered":"Adh\u00e9sion et r\u00e9servation"},"content":{"rendered":"\t\t<div data-elementor-type=\"wp-page\" data-elementor-id=\"12725\" class=\"elementor elementor-12725\" data-elementor-post-type=\"page\">\n\t\t\t\t\t\t<section class=\"elementor-section elementor-top-section elementor-element elementor-element-3352c2db animated-slow elementor-section-boxed elementor-section-height-default elementor-section-height-default elementor-invisible\" data-id=\"3352c2db\" data-element_type=\"section\" data-e-type=\"section\" data-settings=\"{&quot;animation&quot;:&quot;fadeInLeft&quot;}\">\n\t\t\t\t\t\t<div class=\"elementor-container elementor-column-gap-default\">\n\t\t\t\t\t<div class=\"elementor-column elementor-col-100 elementor-top-column elementor-element elementor-element-30c31fab\" data-id=\"30c31fab\" data-element_type=\"column\" data-e-type=\"column\">\n\t\t\t<div class=\"elementor-widget-wrap elementor-element-populated\">\n\t\t\t\t\t\t<div class=\"elementor-element elementor-element-163bda65 elementor-widget elementor-widget-spacer\" data-id=\"163bda65\" data-element_type=\"widget\" data-e-type=\"widget\" data-widget_type=\"spacer.default\">\n\t\t\t\t<div class=\"elementor-widget-container\">\n\t\t\t\t\t\t\t<div class=\"elementor-spacer\">\n\t\t\t<div class=\"elementor-spacer-inner\"><\/div>\n\t\t<\/div>\n\t\t\t\t\t\t<\/div>\n\t\t\t\t<\/div>\n\t\t\t\t<div class=\"elementor-element elementor-element-10226e40 elementor-widget elementor-widget-heading\" data-id=\"10226e40\" data-element_type=\"widget\" data-e-type=\"widget\" data-widget_type=\"heading.default\">\n\t\t\t\t<div class=\"elementor-widget-container\">\n\t\t\t\t\t<h1 class=\"elementor-heading-title elementor-size-default\">Adh\u00e9sion et r\u00e9servation<\/h1>\t\t\t\t<\/div>\n\t\t\t\t<\/div>\n\t\t\t\t<div class=\"elementor-element elementor-element-1c09724 elementor-widget-divider--view-line elementor-widget elementor-widget-divider\" data-id=\"1c09724\" data-element_type=\"widget\" data-e-type=\"widget\" data-widget_type=\"divider.default\">\n\t\t\t\t<div class=\"elementor-widget-container\">\n\t\t\t\t\t\t\t<div class=\"elementor-divider\">\n\t\t\t<span class=\"elementor-divider-separator\">\n\t\t\t\t\t\t<\/span>\n\t\t<\/div>\n\t\t\t\t\t\t<\/div>\n\t\t\t\t<\/div>\n\t\t\t\t<div class=\"elementor-element elementor-element-529cfc98 elementor-widget elementor-widget-text-editor\" data-id=\"529cfc98\" data-element_type=\"widget\" data-e-type=\"widget\" data-widget_type=\"text-editor.default\">\n\t\t\t\t<div class=\"elementor-widget-container\">\n\t\t\t\t\t\t\t\t\t<p>Les cours ont lieu dans une salle du GarageClub 183 Rue de Fontenay 94300 Vincennes<\/p>\t\t\t\t\t\t\t\t<\/div>\n\t\t\t\t<\/div>\n\t\t\t\t<div class=\"elementor-element elementor-element-25bd0324 elementor-widget elementor-widget-heading\" data-id=\"25bd0324\" data-element_type=\"widget\" data-e-type=\"widget\" data-widget_type=\"heading.default\">\n\t\t\t\t<div class=\"elementor-widget-container\">\n\t\t\t\t\t<h2 class=\"elementor-heading-title elementor-size-default\">Comment s\u2019inscrire \u00e0 Free Corpus ?<\/h2>\t\t\t\t<\/div>\n\t\t\t\t<\/div>\n\t\t\t\t<div class=\"elementor-element elementor-element-73997730 elementor-widget elementor-widget-heading\" data-id=\"73997730\" data-element_type=\"widget\" data-e-type=\"widget\" data-widget_type=\"heading.default\">\n\t\t\t\t<div class=\"elementor-widget-container\">\n\t\t\t\t\t<h3 class=\"elementor-heading-title elementor-size-default\">1ere \u00e9tape: cr\u00e9ez votre compte personnel.<\/h3>\t\t\t\t<\/div>\n\t\t\t\t<\/div>\n\t\t\t\t<div class=\"elementor-element elementor-element-29af81bc elementor-widget elementor-widget-text-editor\" data-id=\"29af81bc\" data-element_type=\"widget\" data-e-type=\"widget\" data-widget_type=\"text-editor.default\">\n\t\t\t\t<div class=\"elementor-widget-container\">\n\t\t\t\t\t\t\t\t\t<h4><span style=\"color: var( --e-global-color-text ); font-size: 15px;\">Si vous n\u2019avez jamais \u00e9t\u00e9 inscrit \u00e0 Free Corpus, veuillez cr\u00e9er votre compte personnel en suivant le lien <strong><em>S&rsquo;inscrire<\/em><\/strong> du menu principal<\/span><span style=\"color: var( --e-global-color-text ); font-size: 15px;\">. Toute adh\u00e9sion est li\u00e9e \u00e0 l\u2019acceptation de nos conditions g\u00e9n\u00e9rales consultables ici <\/span><a style=\"font-size: 15px; background-color: #ffffff;\" href=\"https:\/\/www.freecorpus.fr\/pilates-gym-posturale\/wp-content\/uploads\/2025\/12\/CGV-reglement-FreeCorpus-v9-.pdf\" target=\"_blank\" rel=\"noopener\">&gt;CGV<\/a><\/h4><div><strong>Attention<\/strong>\u00a0: si vous \u00eates\u00a0<strong>d\u00e9j\u00e0 client\u00a0<\/strong>ou\u00a0<strong>ancien client\u00a0<\/strong>Free Corpus,\u00a0<strong>ne cr\u00e9ez pas un nouveau compte<\/strong>, mais r\u00e9activez votre compte existant.<br \/>Cliquez sur le lien \u201cMot de passe oubli\u00e9\u201d de l\u2019accueil du portail de r\u00e9servation en saisissant la m\u00eame adresse e-mail que celle de votre compte initial.<\/div>\t\t\t\t\t\t\t\t<\/div>\n\t\t\t\t<\/div>\n\t\t\t\t<div class=\"elementor-element elementor-element-6027063f elementor-widget elementor-widget-heading\" data-id=\"6027063f\" data-element_type=\"widget\" data-e-type=\"widget\" data-widget_type=\"heading.default\">\n\t\t\t\t<div class=\"elementor-widget-container\">\n\t\t\t\t\t<h3 class=\"elementor-heading-title elementor-size-default\">2\u00e8me \u00e9tape : cr\u00e9ditez votre compte<\/h3>\t\t\t\t<\/div>\n\t\t\t\t<\/div>\n\t\t\t\t<div class=\"elementor-element elementor-element-7456ec9e elementor-widget elementor-widget-text-editor\" data-id=\"7456ec9e\" data-element_type=\"widget\" data-e-type=\"widget\" data-widget_type=\"text-editor.default\">\n\t\t\t\t<div class=\"elementor-widget-container\">\n\t\t\t\t\t\t\t\t\t<p>Une fois votre compte cr\u00e9\u00e9, vous devrez le cr\u00e9diter pour pouvoir r\u00e9server en ligne. Vous avez le choix entre plusieurs formules:<br \/>\u2022 Suivre un\u00a0<strong>cours d\u2019essai *:\u00a0\u00a0<\/strong>l\u2019id\u00e9al pour un premier contact, et c\u2019est sans engagement!<br \/>\u2022 ou bien choisir un\u00a0<strong>Forfait \u00e0 la Carte\u00a0\u00a0<\/strong>L\u2019achat d\u2019un forfait cr\u00e9dite votre compte d\u2019un certain nombre de points et permet de r\u00e9server des cours, des stages et des ateliers en b\u00e9n\u00e9ficiant d\u2019un tarif d\u00e9gressif.<\/p><p>Tous les tarifs sont consultables ici\u00a0<a href=\"https:\/\/www.freecorpus.fr\/pilates-gym-posturale\/tarifs-free-corpus\/\" target=\"_blank\" rel=\"noopener\">&gt;tarifs Free Corpus<\/a>.<\/p><p><img decoding=\"async\" class=\"alignleft wp-image-11191\" src=\"https:\/\/www.freecorpus.fr\/pilates-gym-posturale\/wp-content\/uploads\/2019\/03\/info_icon.png\" alt=\"\" width=\"28\" height=\"28\" \/><em>Les paiements se font directement sur le portail s\u00e9curis\u00e9 de notre banque. Aucune personne n\u2019a acc\u00e8s ni de fa\u00e7on informatique, ni de fa\u00e7on imprim\u00e9e aux coordonn\u00e9es bancaires de l\u2019acheteur. Et aucune donn\u00e9e sensible n\u2019est conserv\u00e9e par Free Corpus.<\/em><\/p>\t\t\t\t\t\t\t\t<\/div>\n\t\t\t\t<\/div>\n\t\t\t\t<div class=\"elementor-element elementor-element-742867cf elementor-widget elementor-widget-heading\" data-id=\"742867cf\" data-element_type=\"widget\" data-e-type=\"widget\" data-widget_type=\"heading.default\">\n\t\t\t\t<div class=\"elementor-widget-container\">\n\t\t\t\t\t<h3 class=\"elementor-heading-title elementor-size-default\">3\u00e8me \u00e9tape : r\u00e9servez votre cours<\/h3>\t\t\t\t<\/div>\n\t\t\t\t<\/div>\n\t\t\t\t<div class=\"elementor-element elementor-element-796a5ec2 elementor-widget elementor-widget-text-editor\" data-id=\"796a5ec2\" data-element_type=\"widget\" data-e-type=\"widget\" data-widget_type=\"text-editor.default\">\n\t\t\t\t<div class=\"elementor-widget-container\">\n\t\t\t\t\t\t\t\t\t<p>Une fois votre compte cr\u00e9dit\u00e9, il suffit d\u2019aller r\u00e9server votre\/vos <strong>cours collectifs<\/strong> ou stages dans le planning \u00e0 partir de votre espace personnel.<\/p><p>Pour r\u00e9server un <strong>cours priv\u00e9<\/strong> ou une s\u00e9ance individuelle, contactez directement Albane par sms au: 06 34 48 37 95<\/p><p>\u00a0<\/p><p><strong>*\u00a0<\/strong>Offre valable dans la limite de 1 cours \u00e0 prendre dans le mois pour tout nouvel adh\u00e9rent.<\/p>\t\t\t\t\t\t\t\t<\/div>\n\t\t\t\t<\/div>\n\t\t\t\t\t<\/div>\n\t\t<\/div>\n\t\t\t\t\t<\/div>\n\t\t<\/section>\n\t\t\t\t<\/div>\n\t\t","protected":false},"excerpt":{"rendered":"<p>Adh\u00e9sion et r\u00e9servation Les cours ont lieu dans une salle du GarageClub 183 Rue de Fontenay 94300 Vincennes Comment s\u2019inscrire \u00e0 Free Corpus ? 1ere \u00e9tape: cr\u00e9ez votre compte personnel. Si vous n\u2019avez jamais \u00e9t\u00e9 inscrit \u00e0 Free Corpus, veuillez cr\u00e9er votre compte personnel en suivant le lien S&rsquo;inscrire du menu principal. Toute adh\u00e9sion est [&hellip;]<\/p>\n","protected":false},"author":15,"featured_media":0,"parent":0,"menu_order":0,"comment_status":"closed","ping_status":"closed","template":"","meta":{"_acf_changed":false,"footnotes":""},"class_list":["post-12725","page","type-page","status-publish","hentry"],"acf":[],"yoast_head":"<!-- This site is optimized with the Yoast SEO plugin v27.4 - https:\/\/yoast.com\/product\/yoast-seo-wordpress\/ -->\n<title>Adh\u00e9sion et r\u00e9servation - Pilates et Yoga \u00e0 Vincennes<\/title>\n<meta name=\"robots\" content=\"index, follow, max-snippet:-1, max-image-preview:large, max-video-preview:-1\" \/>\n<link rel=\"canonical\" href=\"https:\/\/www.freecorpus.fr\/pilates-gym-posturale\/adhesion-et-reservation\/\" \/>\n<meta property=\"og:locale\" content=\"fr_FR\" \/>\n<meta property=\"og:type\" content=\"article\" \/>\n<meta property=\"og:title\" content=\"Adh\u00e9sion et r\u00e9servation - Pilates et Yoga \u00e0 Vincennes\" \/>\n<meta property=\"og:description\" content=\"Adh\u00e9sion et r\u00e9servation Les cours ont lieu dans une salle du GarageClub 183 Rue de Fontenay 94300 Vincennes Comment s\u2019inscrire \u00e0 Free Corpus ? 1ere \u00e9tape: cr\u00e9ez votre compte personnel. Si vous n\u2019avez jamais \u00e9t\u00e9 inscrit \u00e0 Free Corpus, veuillez cr\u00e9er votre compte personnel en suivant le lien S&rsquo;inscrire du menu principal. Toute adh\u00e9sion est [&hellip;]\" \/>\n<meta property=\"og:url\" content=\"https:\/\/www.freecorpus.fr\/pilates-gym-posturale\/adhesion-et-reservation\/\" \/>\n<meta property=\"og:site_name\" content=\"Pilates et Yoga \u00e0 Vincennes\" \/>\n<meta property=\"article:modified_time\" content=\"2025-12-18T21:04:34+00:00\" \/>\n<meta property=\"og:image\" content=\"https:\/\/www.freecorpus.fr\/pilates-gym-posturale\/wp-content\/uploads\/2019\/03\/info_icon.png\" \/>\n\t<meta property=\"og:image:width\" content=\"32\" \/>\n\t<meta property=\"og:image:height\" content=\"32\" \/>\n\t<meta property=\"og:image:type\" content=\"image\/png\" \/>\n<meta name=\"twitter:card\" content=\"summary_large_image\" \/>\n<meta name=\"twitter:label1\" content=\"Dur\u00e9e de lecture estim\u00e9e\" \/>\n\t<meta name=\"twitter:data1\" content=\"2 minutes\" \/>\n<script type=\"application\/ld+json\" class=\"yoast-schema-graph\">{\"@context\":\"https:\\\/\\\/schema.org\",\"@graph\":[{\"@type\":\"WebPage\",\"@id\":\"https:\\\/\\\/www.freecorpus.fr\\\/pilates-gym-posturale\\\/adhesion-et-reservation\\\/\",\"url\":\"https:\\\/\\\/www.freecorpus.fr\\\/pilates-gym-posturale\\\/adhesion-et-reservation\\\/\",\"name\":\"Adh\u00e9sion et r\u00e9servation - Pilates et Yoga \u00e0 Vincennes\",\"isPartOf\":{\"@id\":\"https:\\\/\\\/www.freecorpus.fr\\\/pilates-gym-posturale\\\/#website\"},\"primaryImageOfPage\":{\"@id\":\"https:\\\/\\\/www.freecorpus.fr\\\/pilates-gym-posturale\\\/adhesion-et-reservation\\\/#primaryimage\"},\"image\":{\"@id\":\"https:\\\/\\\/www.freecorpus.fr\\\/pilates-gym-posturale\\\/adhesion-et-reservation\\\/#primaryimage\"},\"thumbnailUrl\":\"https:\\\/\\\/www.freecorpus.fr\\\/pilates-gym-posturale\\\/wp-content\\\/uploads\\\/2019\\\/03\\\/info_icon.png\",\"datePublished\":\"2022-10-12T08:15:50+00:00\",\"dateModified\":\"2025-12-18T21:04:34+00:00\",\"breadcrumb\":{\"@id\":\"https:\\\/\\\/www.freecorpus.fr\\\/pilates-gym-posturale\\\/adhesion-et-reservation\\\/#breadcrumb\"},\"inLanguage\":\"fr-FR\",\"potentialAction\":[{\"@type\":\"ReadAction\",\"target\":[\"https:\\\/\\\/www.freecorpus.fr\\\/pilates-gym-posturale\\\/adhesion-et-reservation\\\/\"]}]},{\"@type\":\"ImageObject\",\"inLanguage\":\"fr-FR\",\"@id\":\"https:\\\/\\\/www.freecorpus.fr\\\/pilates-gym-posturale\\\/adhesion-et-reservation\\\/#primaryimage\",\"url\":\"https:\\\/\\\/www.freecorpus.fr\\\/pilates-gym-posturale\\\/wp-content\\\/uploads\\\/2019\\\/03\\\/info_icon.png\",\"contentUrl\":\"https:\\\/\\\/www.freecorpus.fr\\\/pilates-gym-posturale\\\/wp-content\\\/uploads\\\/2019\\\/03\\\/info_icon.png\",\"width\":32,\"height\":32},{\"@type\":\"BreadcrumbList\",\"@id\":\"https:\\\/\\\/www.freecorpus.fr\\\/pilates-gym-posturale\\\/adhesion-et-reservation\\\/#breadcrumb\",\"itemListElement\":[{\"@type\":\"ListItem\",\"position\":1,\"name\":\"Accueil\",\"item\":\"https:\\\/\\\/www.freecorpus.fr\\\/pilates-gym-posturale\\\/\"},{\"@type\":\"ListItem\",\"position\":2,\"name\":\"Adh\u00e9sion et r\u00e9servation\"}]},{\"@type\":\"WebSite\",\"@id\":\"https:\\\/\\\/www.freecorpus.fr\\\/pilates-gym-posturale\\\/#website\",\"url\":\"https:\\\/\\\/www.freecorpus.fr\\\/pilates-gym-posturale\\\/\",\"name\":\"Pilates et Yoga \u00e0 Vincennes\",\"description\":\"FreeCorpus Sur la voie du corps - Albane Dantras\",\"publisher\":{\"@id\":\"https:\\\/\\\/www.freecorpus.fr\\\/pilates-gym-posturale\\\/#organization\"},\"potentialAction\":[{\"@type\":\"SearchAction\",\"target\":{\"@type\":\"EntryPoint\",\"urlTemplate\":\"https:\\\/\\\/www.freecorpus.fr\\\/pilates-gym-posturale\\\/?s={search_term_string}\"},\"query-input\":{\"@type\":\"PropertyValueSpecification\",\"valueRequired\":true,\"valueName\":\"search_term_string\"}}],\"inLanguage\":\"fr-FR\"},{\"@type\":\"Organization\",\"@id\":\"https:\\\/\\\/www.freecorpus.fr\\\/pilates-gym-posturale\\\/#organization\",\"name\":\"Pilates et Yoga \u00e0 Vincennes\",\"url\":\"https:\\\/\\\/www.freecorpus.fr\\\/pilates-gym-posturale\\\/\",\"logo\":{\"@type\":\"ImageObject\",\"inLanguage\":\"fr-FR\",\"@id\":\"https:\\\/\\\/www.freecorpus.fr\\\/pilates-gym-posturale\\\/#\\\/schema\\\/logo\\\/image\\\/\",\"url\":\"https:\\\/\\\/www.freecorpus.fr\\\/pilates-gym-posturale\\\/wp-content\\\/uploads\\\/2022\\\/10\\\/LOGO_FREECORPUS-2022_06-1-removebg-preview.png\",\"contentUrl\":\"https:\\\/\\\/www.freecorpus.fr\\\/pilates-gym-posturale\\\/wp-content\\\/uploads\\\/2022\\\/10\\\/LOGO_FREECORPUS-2022_06-1-removebg-preview.png\",\"width\":249,\"height\":80,\"caption\":\"Pilates et Yoga \u00e0 Vincennes\"},\"image\":{\"@id\":\"https:\\\/\\\/www.freecorpus.fr\\\/pilates-gym-posturale\\\/#\\\/schema\\\/logo\\\/image\\\/\"}}]}<\/script>\n<!-- \/ Yoast SEO plugin. -->","yoast_head_json":{"title":"Adh\u00e9sion et r\u00e9servation - Pilates et Yoga \u00e0 Vincennes","robots":{"index":"index","follow":"follow","max-snippet":"max-snippet:-1","max-image-preview":"max-image-preview:large","max-video-preview":"max-video-preview:-1"},"canonical":"https:\/\/www.freecorpus.fr\/pilates-gym-posturale\/adhesion-et-reservation\/","og_locale":"fr_FR","og_type":"article","og_title":"Adh\u00e9sion et r\u00e9servation - Pilates et Yoga \u00e0 Vincennes","og_description":"Adh\u00e9sion et r\u00e9servation Les cours ont lieu dans une salle du GarageClub 183 Rue de Fontenay 94300 Vincennes Comment s\u2019inscrire \u00e0 Free Corpus ? 1ere \u00e9tape: cr\u00e9ez votre compte personnel. Si vous n\u2019avez jamais \u00e9t\u00e9 inscrit \u00e0 Free Corpus, veuillez cr\u00e9er votre compte personnel en suivant le lien S&rsquo;inscrire du menu principal. Toute adh\u00e9sion est [&hellip;]","og_url":"https:\/\/www.freecorpus.fr\/pilates-gym-posturale\/adhesion-et-reservation\/","og_site_name":"Pilates et Yoga \u00e0 Vincennes","article_modified_time":"2025-12-18T21:04:34+00:00","og_image":[{"width":32,"height":32,"url":"https:\/\/www.freecorpus.fr\/pilates-gym-posturale\/wp-content\/uploads\/2019\/03\/info_icon.png","type":"image\/png"}],"twitter_card":"summary_large_image","twitter_misc":{"Dur\u00e9e de lecture estim\u00e9e":"2 minutes"},"schema":{"@context":"https:\/\/schema.org","@graph":[{"@type":"WebPage","@id":"https:\/\/www.freecorpus.fr\/pilates-gym-posturale\/adhesion-et-reservation\/","url":"https:\/\/www.freecorpus.fr\/pilates-gym-posturale\/adhesion-et-reservation\/","name":"Adh\u00e9sion et r\u00e9servation - Pilates et Yoga \u00e0 Vincennes","isPartOf":{"@id":"https:\/\/www.freecorpus.fr\/pilates-gym-posturale\/#website"},"primaryImageOfPage":{"@id":"https:\/\/www.freecorpus.fr\/pilates-gym-posturale\/adhesion-et-reservation\/#primaryimage"},"image":{"@id":"https:\/\/www.freecorpus.fr\/pilates-gym-posturale\/adhesion-et-reservation\/#primaryimage"},"thumbnailUrl":"https:\/\/www.freecorpus.fr\/pilates-gym-posturale\/wp-content\/uploads\/2019\/03\/info_icon.png","datePublished":"2022-10-12T08:15:50+00:00","dateModified":"2025-12-18T21:04:34+00:00","breadcrumb":{"@id":"https:\/\/www.freecorpus.fr\/pilates-gym-posturale\/adhesion-et-reservation\/#breadcrumb"},"inLanguage":"fr-FR","potentialAction":[{"@type":"ReadAction","target":["https:\/\/www.freecorpus.fr\/pilates-gym-posturale\/adhesion-et-reservation\/"]}]},{"@type":"ImageObject","inLanguage":"fr-FR","@id":"https:\/\/www.freecorpus.fr\/pilates-gym-posturale\/adhesion-et-reservation\/#primaryimage","url":"https:\/\/www.freecorpus.fr\/pilates-gym-posturale\/wp-content\/uploads\/2019\/03\/info_icon.png","contentUrl":"https:\/\/www.freecorpus.fr\/pilates-gym-posturale\/wp-content\/uploads\/2019\/03\/info_icon.png","width":32,"height":32},{"@type":"BreadcrumbList","@id":"https:\/\/www.freecorpus.fr\/pilates-gym-posturale\/adhesion-et-reservation\/#breadcrumb","itemListElement":[{"@type":"ListItem","position":1,"name":"Accueil","item":"https:\/\/www.freecorpus.fr\/pilates-gym-posturale\/"},{"@type":"ListItem","position":2,"name":"Adh\u00e9sion et r\u00e9servation"}]},{"@type":"WebSite","@id":"https:\/\/www.freecorpus.fr\/pilates-gym-posturale\/#website","url":"https:\/\/www.freecorpus.fr\/pilates-gym-posturale\/","name":"Pilates et Yoga \u00e0 Vincennes","description":"FreeCorpus Sur la voie du corps - Albane Dantras","publisher":{"@id":"https:\/\/www.freecorpus.fr\/pilates-gym-posturale\/#organization"},"potentialAction":[{"@type":"SearchAction","target":{"@type":"EntryPoint","urlTemplate":"https:\/\/www.freecorpus.fr\/pilates-gym-posturale\/?s={search_term_string}"},"query-input":{"@type":"PropertyValueSpecification","valueRequired":true,"valueName":"search_term_string"}}],"inLanguage":"fr-FR"},{"@type":"Organization","@id":"https:\/\/www.freecorpus.fr\/pilates-gym-posturale\/#organization","name":"Pilates et Yoga \u00e0 Vincennes","url":"https:\/\/www.freecorpus.fr\/pilates-gym-posturale\/","logo":{"@type":"ImageObject","inLanguage":"fr-FR","@id":"https:\/\/www.freecorpus.fr\/pilates-gym-posturale\/#\/schema\/logo\/image\/","url":"https:\/\/www.freecorpus.fr\/pilates-gym-posturale\/wp-content\/uploads\/2022\/10\/LOGO_FREECORPUS-2022_06-1-removebg-preview.png","contentUrl":"https:\/\/www.freecorpus.fr\/pilates-gym-posturale\/wp-content\/uploads\/2022\/10\/LOGO_FREECORPUS-2022_06-1-removebg-preview.png","width":249,"height":80,"caption":"Pilates et Yoga \u00e0 Vincennes"},"image":{"@id":"https:\/\/www.freecorpus.fr\/pilates-gym-posturale\/#\/schema\/logo\/image\/"}}]}},"_links":{"self":[{"href":"https:\/\/www.freecorpus.fr\/pilates-gym-posturale\/wp-json\/wp\/v2\/pages\/12725","targetHints":{"allow":["GET"]}}],"collection":[{"href":"https:\/\/www.freecorpus.fr\/pilates-gym-posturale\/wp-json\/wp\/v2\/pages"}],"about":[{"href":"https:\/\/www.freecorpus.fr\/pilates-gym-posturale\/wp-json\/wp\/v2\/types\/page"}],"author":[{"embeddable":true,"href":"https:\/\/www.freecorpus.fr\/pilates-gym-posturale\/wp-json\/wp\/v2\/users\/15"}],"replies":[{"embeddable":true,"href":"https:\/\/www.freecorpus.fr\/pilates-gym-posturale\/wp-json\/wp\/v2\/comments?post=12725"}],"version-history":[{"count":10,"href":"https:\/\/www.freecorpus.fr\/pilates-gym-posturale\/wp-json\/wp\/v2\/pages\/12725\/revisions"}],"predecessor-version":[{"id":14895,"href":"https:\/\/www.freecorpus.fr\/pilates-gym-posturale\/wp-json\/wp\/v2\/pages\/12725\/revisions\/14895"}],"wp:attachment":[{"href":"https:\/\/www.freecorpus.fr\/pilates-gym-posturale\/wp-json\/wp\/v2\/media?parent=12725"}],"curies":[{"name":"wp","href":"https:\/\/api.w.org\/{rel}","templated":true}]}}